*h - 19. Calculate s(12).
77
Let y(u) = 6*u - 41. Determine y(10).
19
Let x(k) = 3*k**3 - 3*k**2 - 3*k - 2. Determine x(3).
43
Let m(z) = 92*z + 294. What is m(-3)?
18
Let z(j) = 2*j**2 - 6*j. Calculate z(5).
20
Let c(p) = -35*p + 634. Calculate c(18).
4
Let x(b) = b**3 - 9*b**2 + 7*b + 18. Calculate x(8).
10
Let h(p) = -3*p - 32. Determine h(-4).
-20
Let i(l) = l**3 - 35*l**2 + 67*l - 29. Determine i(33).
4
Let v(q) = -q**2 + 29*q + 95. Determine v(32).
-1
Let w(j) = -2*j + 6. Calculate w(4).
-2
Let v(g) = -g**2 + 7*g - 5. Calculate v(4).
7
Let j(k) = k - 5. Calculate j(13).
8
Let z(i) = 6*i - 5. Determine z(-12).
-77
Let x(l) = l**3 - 10. Give x(0).
-10
Let l(x) = -x**3 - 6*x**2 + 2*x + 13. Give l(-6).
1
Let m(p) = 48*p - 178. Calculate m(4).
14
Let s(p) = -2*p + 1. Calculate s(4).
-7
Let t(n) = n**3 - 5*n**2 + n + 1. Give t(4).
-11
Let v(b) = 3*b - 52. Calculate v(11).
-19
Let w(q) = -q**2 + 11*q - 10. What is w(14)?
-52
Let a(g) = -5*g - 6. Determine a(-6).
24
Let x(l) = -137*l - 274. Give x(-2).
0
Let p(a) = a - 4. What is p(-7)?
-11
Let h(k) = -k**2 + 10*k + 7. Give h(8).
23
Let i(g) = g**3 - 9*g**2 - 10*g - 2. Calculate i(10).
-2
Let x(v) = -v**2 + 15*v - 4. What is x(16)?
-20
Let d(x) = 2*x - 55. Calculate d(9).
-37
Let y(t) = -t**2 - 6*t - 4. What is y(-5)?
1
Let x(b) = -b + 9. What is x(2)?
7
Let p(i) = 3*i + 3. Give p(3).
12
Let k(t) = -t**2 - 14*t - 26. What is k(-11)?
7
Let z(f) = -8*f + 32. Give z(3).
8
Let d(k) = k + 12. What is d(-11)?
1
Let p(c) = 2*c**2 - 16*c - 3. Calculate p(2).
-27
Let f(n) = n**3 + 6*n**2 + 2. What is f(-8)?
-126
Let a(r) = r**2 + 14*r - 16. What is a(-15)?
-1
Let z(w) = -w**3 - 3*w**2 + 9*w - 10. What is z(-5)?
-5
Let m(c) = c**2 - 18*c - 7. Calculate m(18).
-7
Let o(v) = v**2 - 5*v - 7. Give o(11).
59
Let b(g) = g**3 + 6*g**2 + g - 3. Calculate b(-6).
-9
Let f(x) = x**2 + 7*x + 13. What is f(-5)?
3
Let y(i) = 5*i + 95. Calculate y(-17).
10
Let a(x) = 24*x - 3. Determine a(2).
45
Let a(r) = 5*r - 54. Give a(3).
-39
Let g(f) = f**2 + 8*f + 11. Give g(-6).
-1
Let x(o) = -o**2 + 8*o - 9. What is x(7)?
-2
Let k(l) = 14*l - 763. Calculate k(54).
-7
Let y(b) = -15*b**3 + b**2 - 2*b + 1. What is y(1)?
-15
Let j(x) = x - 2. Calculate j(-5).
-7
Let o(g) = -g**3 - 2*g**2 + g. What is o(-2)?
-2
Let o(g) = -22*g**3 - 2*g**2 - g - 6. What is o(-2)?
164
Let q(l) = -l**2 - 3*l + 4. Give q(-5).
-6
Let h(k) = -k**2 - 9*k + 67. Give h(-13).
15
Let l(d) = d**2 - 24*d. Determine l(24).
0
Let m(w) = -w + 8. What is m(15)?
-7
Let n(v) = v**2 + 12*v - 15. What is n(4)?
49
Let y(p) = 7*p - 54. Give y(0).
-54
Let h(k) = 13*k + 181. Determine h(-13).
12
Let w(o) = -o**3 + 9*o**2 - 9*o + 9. Determine w(8).
1
Let i(d) = -d**3 - 4*d**2 - 9*d - 14. Give i(-3).
4
Let x(q) = 4*q - 23. Calculate x(6).
1
Let j(x) = -251*x + 997. Determine j(4).
-7
Let a(t) = 2*t**3 + 5*t**2 - 4*t + 5. Calculate a(-3).
8
Let w(c) = -10*c + 1. Give w(3).
-29
Let m(a) = 4*a**2 - 6*a. Calculate m(2).
4
Let f(s) = -2*s**3 - 46*s**2 - 2*s - 48. Determine f(-23).
-2
Let g(f) = f**3 + 18*f**2 + 49*f - 4. What is g(-15)?
-64
Let q(r) = -4*r - 23. Give q(-3).
-11
Let v(b) = -b**3 + 11*b**2 - 33*b - 3. Calculate v(5).
-18
Let n(r) = r**3 + 43*r**2 + r + 41. Calculate n(-43).
-2
Let v(w) = 3*w - 20. What is v(5)?
-5
Let r(q) = 20*q + 2. Calculate r(-2).
-38
Let a(y) = 33*y - 207. Determine a(7).
24
Let s(c) = 2*c**3 - 2*c**2 - c - 7. Calculate s(0).
-7
Let h(x) = 2*x**2 - 29*x + 66. Give h(12).
6
Let v(w) = w**3 - 7*w**2 + 6*w - 1. Determine v(6).
-1
Let d(q) = q - 2. What is d(3)?
1
Let o(b) = -9*b + 82. Determine o(8).
10
Let j(n) = n**2 - 16*n + 22. Give j(15).
7
Let i(w) = -3*w - 2. Determine i(6).
-20
Let a(h) = -2*h**2 - 54*h - 58. Calculate a(-26).
-6
Let u(f) = -f**3 + 13*f**2 - 12*f + 6. What is u(12)?
6
Let s(b) = b**3 - 6*b**2 + 5*b + 1. Determine s(4).
-11
Let b(a) = -a**2 + 8*a - 20. Calculate b(8).
-20
Let q(c) = c**2 + 3*c + 5. What is q(-6)?
23
Let p(s) = 2*s**2 - 9*s. Determine p(5).
5
Let h(w) = 6*w - 39. Determine h(7).
3
Let r(s) = s**3 - 5*s**2 + 4*s - 2. Determine r(4).
-2
Let h(a) = -18*a - 11. Calculate h(-3).
43
Let q(z) = -3*z**3 - 30*z**2 + 35*z + 23. Calculate q(-11).
1
Let t(a) = -a**3 - 5*a**2 + 4*a + 1. Determine t(-3).
-29
Let r(p) = 4*p**3 - p**2 - p - 6. What is r(-2)?
-40
Let o(s) = -7*s**3 - 5*s**2 - 5*s - 2. What is o(-2)?
44
Let w(q) = q**2 + 11*q + 9. What is w(-4)?
-19
Let z(n) = 6*n + 23. What is z(-6)?
-13
Let u(b) = b**3 - 13*b**2 + 20*b - 97. Give u(12).
-1
Let c(s) = -s**3 + 9*s**2 + 4*s - 6. Calculate c(8).
90
Let b(o) = -5*o**3 + 3*o**2 - 16*o + 22. Determine b(2).
-38
Let a(g) = -3*g - 14. Determine a(3).
-23
Let a(n) = n**3 - 6*n**2 - 162*n + 43. Calculate a(16).
11
Let s(l) = -3*l**3 + 2*l**2 + l + 5. Determine s(-2).
35
Let k(j) = -28*j + 314. Give k(11).
6
Let c(h) = -4*h. Calculate c(-1).
4
Let q(k) = -k**3 + 49*k**2 - 49*k + 48. Determine q(48).
0
Let v(y) = y + 13. Give v(-12).
1
Let v(r) = 2*r + 10. Give v(13).
36
Let o(c) = c**3 + 6*c**2 - 6*c + 19. What is o(-7)?
12
Let d(w) = 8*w**2 + 4. What is d(2)?
36
Let a(r) = -6*r - 62. Give a(-12).
10
Let k(d) = -d**2 + 18*d - 13. Calculate k(15).
32
Let b(y) = -2*y**2 + 67*y + 42. Determine b(34).
8
Let q(w) = w**3 + 5*w**2 + 15*w + 10. Determine q(-6).
-116
Let h(t) = t**2 - 5*t. Determine h(3).
-6
Let k(t) = -3*t**2 - 7*t - 7. Determine k(-1).
-3
Let k(j) = 28*j + 1. Calculate k(-1).
-27
Let k(p) = p**3 + 11*p**2 - 18*p - 69. What is k(-12)?
3
Let b(c) = 2*c**2 + 4*c - 2. Calculate b(-3).
4
Let x(h) = -h**2 - 2*h + 3. Determine x(-5).
-12
Let q(x) = -x**3 + 9*x**2 - 13*x + 20. Calculate q(8).
-20
Let i(w) = 51*w - 9. What is i(-2)?
-111
Let p(w) = 4*w - 3. Calculate p(1).
1
Let s(u) = -u**3 - 3*u**2 + 3*u + 10. What is s(-5)?
45
Let s(u) = 19*u - 58. Determine s(3).
-1
Let h(b) = b**3 + 24*b**2 - 24*b + 21. What is h(-25)?
-4
Let q(j) = j**3 + 16*j**2 - 3*j - 22. Determine q(-16).
26
Let y(h) = 6*h - 5. What is y(6)?
31
Let g(f) = -f**3 + 17*f**2 + 21*f - 26. Give g(18).
28
Let b(t) = -t**3 + 8*t**2 - 4*t - 3. Calculate b(7).
18
Let a(x) = -10*x**2 + 2*x + 5. What is a(3)?
-79
Let i(r) = -r**3 - 6*r**2 - 7*r - 1. What is i(-6)?
41
Let v(g) = -10*g**3 - g**2 + 2*g + 3. Give v(-1).
10
Let r(w) = -w**2 - 11*w + 1. Determine r(-11).
1
Let i(f) = f**2 + 11*f + 2. What is i(-12)?
14
Let h(y) = y**2 + 14*y + 36. Calculate h(-10).
-4
Let w(u) = 3*u + 16. Give w(-8).
-8
Let n(v) = v - 4. Calculate n(-1).
-5
Let r(u) = u**3 - 8*u**2 - 17. What is r(8)?
-17
Let s(n) = 7*n + 43. Determine s(-7).
-6
Let l(b) = -22*b + 2. Determine l(2).
-42
Let f(r) = r - 16. What is f(10)?
-6
Let i(y) = 12*y**3 + y**2 + y + 1. Give i(-1).
-11
Let d(m) = -m + 19. Give d(9).
10
Let y(r) = -2*r**3 + 28*r**2 - 18*r - 27. Calculate y(13).
77
Let k(i) = -30*i + 184. What is k(6)?
4
Let r(y) = y - 7. What is r(7)?
0
Let b(f) = 10*f - 4. What is b(2)?
16
Let q(i) = 3*i**2 + 2*i - 2. Calculate q(-2).
6
Let m(c) = -c - 3. What is m(-1)?
-2
Let u(d) = -d**2 + 5*d - 1. Calculate u(2).
5
Let a(g) = 15*g - 6. What is a(5)?
69
Let g(c) = -c**3 + 7*c**2 - 3*c. Determine g(5).
35
Let l(v) = v**2 - 14*v + 8. What is l(10)?
-32
Let t(n) = -2*n**3 + 10*n**2 - 6*n + 13. Give t(4).
21
Let m(o) = -7*o**2 + 2*o + 2. What is m(-1)?
-7
Let r(c) = -c**3 + 9*c**2 - 7*c + 5. What is r(8)?
13
Let q(s) = s**3 + 13*s**2 + 13*s - 1. What is q(-12)?
-13
Let c(g) = 20*g - 173. What is c(9)?
7
Let r(y) = 6*y - 8. Determine r(3).
10
Let z(v) = -v**3 - 21*v**2 - 17*v + 8. Calculate z(-20).
-52
Let x(f) = 2*f**2 - 24*f - 84. Calculate x(17).
86
Let f(p) = 4*p - 15. What is f(-4)?
-31
Let f(k) = 8*k**2 + 334*k - 86. What is f(-42)?
-2
Let v(r) = r**3 + 20*r**2 - r - 18. What is v(-20)?
2
Let g(m) = 7*m + 3. What is g(0)?
3
Let y(z) = 5*z - 25. Determine y(4).
-5
Let d(k) = k**3 + 12*k**2 + 25*k + 15. Give d(-11).
-139
Let f(n) = -5*n**2 - 3*n - 3. Give f(-3).
-39
Let v(u) = u**3 - 47*u**2 + 4*u - 138. Calculate v(47).
50
Let a(q) = -q**2 + 10*q + 4. Give a(11).
-7
Let r(y) = 10*y**2 + 1. Give r(1).
11
Let w(o) = -o**2 + 25*o - 149. Calculate w(14).
5
Let g(b) = b**3 - 24*b**2 + 21*b + 38. Determine g(23).
-8
Let m(t) = -t**3 + 6*t**2 + 16*t - 1. Give m(8).
-1
Let s(z) = -z**2 - 4*z - 4. Determine s(-4).
-4
Let p(x) = -x**2 - 9*